{"id":401,"date":"2014-01-24T17:45:53","date_gmt":"2014-01-24T16:45:53","guid":{"rendered":"http:\/\/joseph-isola.info\/Sardequin\/?page_id=401"},"modified":"2017-07-29T20:24:11","modified_gmt":"2017-07-29T18:24:11","slug":"une-presentation","status":"publish","type":"page","link":"https:\/\/joseph-isola.info\/Sardequin\/une-presentation\/","title":{"rendered":"\u00c0 propos de ce blog\u2026"},"content":{"rendered":"<div style=\"text-align: justify;\">\n<p><strong>D\u2019abord<\/strong> :<\/p>\n<div style=\"text-align: left;\"><a href=\"https:\/\/joseph-isola.info\/Sardequin\/wp-content\/uploads\/2013\/11\/moi.jpg\"><img loading=\"lazy\" decoding=\"async\" class=\" wp-image-1055 alignleft\" src=\"https:\/\/joseph-isola.info\/Sardequin\/wp-content\/uploads\/2013\/11\/moi.jpg\" alt=\"moi\" width=\"240\" height=\"240\" srcset=\"https:\/\/joseph-isola.info\/Sardequin\/wp-content\/uploads\/2013\/11\/moi.jpg 400w, https:\/\/joseph-isola.info\/Sardequin\/wp-content\/uploads\/2013\/11\/moi-151x150.jpg 151w, https:\/\/joseph-isola.info\/Sardequin\/wp-content\/uploads\/2013\/11\/moi-300x300.jpg 300w\" sizes=\"auto, (max-width: 240px) 100vw, 240px\" \/><\/a><\/div>\n<div><\/div>\n<div style=\"text-align: left;\">Ce blog notes c\u2019est la suite d\u2019un ancien Blog, cr\u00e9e il y a fort longtemps, avec la \u00ab\u00a0plate-forme\u00a0\u00bb de Blog Dotclear. Mais, et c\u2019est ma faute, ma tr\u00e8s grande faute, je n\u2019ai pas vraiment suivi les mises \u00e0 jour de Dotclear. Ce qui fait un blog un poil d\u00e9mod\u00e9 et surtout pas au top des progr\u00e8s du Web. Vous pouvez y aller jeter un \u0153il en suivant le lien dans le menu du Blog. Mais au cas ou :\u00a0<a href=\"http:\/\/joseph.isola.free.fr\/joseph\/index.php\" target=\"_blank\" rel=\"noopener\">Le Blog Notes historique<\/a>\u00a0! Si j\u2019ai choisi de migrer donc vers une plate forme wordpress, c\u2019est pour une plus grande modernit\u00e9, plus de r\u00e9activit\u00e9 et de facilit\u00e9 dans les mises \u00e0 jour. J\u2019ai test\u00e9 plusieurs interfaces, pour retenir celle que vous avez devant les yeux. Elle peut sans doute d\u00e9router, mais j\u2019aime assez son originalit\u00e9 !<\/div>\n<div><\/div>\n<div style=\"text-align: left;\">Quant \u00e0 ce Blog Notes, il n\u2019a pas d\u2019autre pr\u00e9tention que de me faire plaisir. Je vais y causer en toute modestie de musique, de disques vinyles, de s\u00e9ries TV (mais peu), de lectures et de temps en temps de cin\u00e9ma. Et puis je posterais en toute immodestie par contre, quelques photos que j\u2019aurai la pr\u00e9tention de trouver r\u00e9ussies ! Voil\u00e0. Un <strong>Blog Notes<\/strong> sans pr\u00e9tentions.<\/div>\n<\/div>\n<div style=\"text-align: justify;\"><\/div>\n<div style=\"text-align: justify;\">\n<p>&nbsp;<\/p>\n<p><strong>Ensuite<\/strong> :<\/p>\n<p><img loading=\"lazy\" decoding=\"async\" class=\"wp-image-1056 alignright\" src=\"https:\/\/joseph-isola.info\/Sardequin\/wp-content\/uploads\/2014\/01\/Sardequins.jpeg\" alt=\"Sardequins\" width=\"158\" height=\"246\" srcset=\"https:\/\/joseph-isola.info\/Sardequin\/wp-content\/uploads\/2014\/01\/Sardequins.jpeg 225w, https:\/\/joseph-isola.info\/Sardequin\/wp-content\/uploads\/2014\/01\/Sardequins-192x300.jpeg 192w\" sizes=\"auto, (max-width: 158px) 100vw, 158px\" \/><\/p>\n<div><\/div>\n<div><\/div>\n<div style=\"text-align: left;\">Ce pseudo Sardequin vient de l\u2019\u00e9crivain fran\u00e7ais de fantasy,<span style=\"line-height: 1.5em;\">Philippe Monot et du\u00a0roman\u00a0du m\u00eame nom \u00ab\u00a0<\/span><span style=\"text-decoration: underline;\"><strong>Sardequins<\/strong><\/span><span style=\"line-height: 1.5em;\">\u00a0\u00bb ! J\u2019ai emprunt\u00e9 ce pseudo,\u00a0<\/span><\/div>\n<div style=\"text-align: left;\"><span style=\"line-height: 1.5em;\">sans lui\u00a0<\/span><\/div>\n<div style=\"text-align: left;\"><span style=\"line-height: 1.5em;\">demander son autorisation, mais bon, il ne va pas m\u2019en vouloir, il le sait, je le connais un peu, il est\u00a0libraire\u00a0\u00e0 Aix en Provence [Librairie Goulard sur le Cours Mirabeau] ! Sinon,\u00a0j\u2019utilise\u00a0aussi ce pseudo sur quelques forums !\u00a0Pour me faire pardonner, je vous recommande la lecture de ses romans !<\/span><\/div>\n<div style=\"text-align: left;\"><em><strong>SARDEQUINS<\/strong>\u00a0(Nestivqen \u00c9diteur)<\/em>, et une suite<em>\u00a0<strong>GUERRE ET F\u00c9ES<\/strong>,\u00a0<\/em>ainsi que\u00a0son premier roman<em>\u00a0<strong>Fr\u00e8re Aloysius et le Petit Prince\u00a0<\/strong>!<\/em><\/div>\n<div>Bonne lecture !<\/div>\n<\/div>\n","protected":false},"excerpt":{"rendered":"<p>D\u2019abord : Ce blog notes c\u2019est la suite d\u2019un ancien Blog, cr\u00e9e il y a<\/p>\n","protected":false},"author":5,"featured_media":0,"parent":0,"menu_order":0,"comment_status":"open","ping_status":"open","template":"","meta":{"footnotes":""},"class_list":["post-401","page","type-page","status-publish","hentry"],"jetpack_likes_enabled":true,"jetpack_sharing_enabled":true,"_links":{"self":[{"href":"https:\/\/joseph-isola.info\/Sardequin\/wp-json\/wp\/v2\/pages\/401","targetHints":{"allow":["GET"]}}],"collection":[{"href":"https:\/\/joseph-isola.info\/Sardequin\/wp-json\/wp\/v2\/pages"}],"about":[{"href":"https:\/\/joseph-isola.info\/Sardequin\/wp-json\/wp\/v2\/types\/page"}],"author":[{"embeddable":true,"href":"https:\/\/joseph-isola.info\/Sardequin\/wp-json\/wp\/v2\/users\/5"}],"replies":[{"embeddable":true,"href":"https:\/\/joseph-isola.info\/Sardequin\/wp-json\/wp\/v2\/comments?post=401"}],"version-history":[{"count":0,"href":"https:\/\/joseph-isola.info\/Sardequin\/wp-json\/wp\/v2\/pages\/401\/revisions"}],"wp:attachment":[{"href":"https:\/\/joseph-isola.info\/Sardequin\/wp-json\/wp\/v2\/media?parent=401"}],"curies":[{"name":"wp","href":"https:\/\/api.w.org\/{rel}","templated":true}]}}